Give u(4).
3
Let k(m) = -6*m - 8. Calculate k(1).
-14
Let u(z) = -z**3 + 28*z**2 + 27*z + 50. Determine u(29).
-8
Let c(n) = n**3 - 11*n**2 - 9*n + 3. Determine c(12).
39
Let m(x) = x**2 - 7*x + 3. Calculate m(3).
-9
Let o(v) = v**3 + 13*v**2 - 32*v - 24. What is o(-15)?
6
Let t(w) = -155*w - 2. Calculate t(0).
-2
Let l(o) = o**2 + 18*o + 68. What is l(-14)?
12
Let j(n) = n**2 + 7*n + 3. Give j(-5).
-7
Let o(b) = 4*b - 113. Give o(33).
19
Let y(d) = -d**3 + 3*d**2 + 8*d - 6. Give y(5).
-16
Let p(s) = -s**3 + 4*s**2 - 43*s + 233. Give p(5).
-7
Let t(n) = -2*n**3 - 2*n**2 + n - 6. Give t(3).
-75
Let r(q) = -18*q - 1. Determine r(1).
-19
Let d(g) = g - 4. Calculate d(6).
2
Let o(q) = q**2 + 15*q - 21. Determine o(-17).
13
Let c(i) = 5*i**2 + 137*i - 83. Calculate c(-28).
1
Let d(b) = -b**3 - 3*b**2 + 2*b + 6. Give d(-4).
14
Let o(z) = -z - 24. What is o(-11)?
-13
Let w(o) = -o**3 - 13*o**2 + o + 10. Give w(-13).
-3
Let y(p) = -3*p**2 + 8. What is y(4)?
-40
Let j(u) = -u**3 + 7*u**2 + 5*u + 44. Give j(8).
20
Let x(z) = 18*z + 19. Give x(3).
73
Let t(j) = -j**3 - j**2 - 13*j - 27. What is t(-2)?
3
Let f(k) = -k**3 + 22*k**2 - 55*k - 35. Determine f(19).
3
Let n(a) = -a**3 - 7*a**2 - 7*a + 11. What is n(-6)?
17
Let u(m) = -2*m - 17. Calculate u(-3).
-11
Let v(z) = 6*z + 35. Calculate v(-5).
5
Let r(j) = -2*j - 32. Give r(-13).
-6
Let s(x) = x**2 - 15*x + 16. Calculate s(2).
-10
Let n(r) = -17*r**3 + 2*r**2 - 1. Give n(1).
-16
Let b(n) = n**3 - 17*n**2 + 12*n + 15. Give b(16).
-49
Let n(i) = i**3 - 14*i**2 - 32*i - 10. Give n(16).
-10
Let f(l) = l**3 + 35*l**2 - 112*l + 66. Calculate f(-38).
-10
Let w(o) = 2*o**3 - 129*o**2 + 58*o + 380. Calculate w(64).
-4
Let t(k) = -5*k + 61. Determine t(0).
61
Let n(a) = 7*a - 65. Calculate n(8).
-9
Let r(h) = -16*h**2 - 3*h - 1. Calculate r(-1).
-14
Let y(r) = -3*r + 2. What is y(2)?
-4
Let k(c) = -6*c - 63. What is k(-8)?
-15
Let q(m) = m**3 + 14*m**2 + 18*m + 9. Determine q(-13).
-56
Let w(n) = n**3 + n**2 + 5. Calculate w(0).
5
Let p(y) = -3*y + 11. Determine p(-7).
32
Let i(w) = w**3 + 5*w**2 - 3*w - 11. Determine i(-7).
-88
Let r(h) = h**3 + 2*h**2 - 1. Give r(-1).
0
Let j(b) = -b**3 - b**2 - 3*b - 77. Give j(0).
-77
Let a(q) = q**3 - 3*q**2 - q + 3. Determine a(-2).
-15
Let x(w) = -w**2 - 2*w + 10. Give x(-5).
-5
Let k(u) = u**3 + 19*u**2 + 19*u + 4. Give k(-18).
-14
Let w(l) = l**3 - 12*l**2 - 21*l - 16. Give w(14).
82
Let h(v) = 3*v**2 + 4*v + 7. What is h(-4)?
39
Let i(s) = s**3 + 5*s**2 - 4*s - 21. Determine i(-5).
-1
Let g(m) = 12*m + 1. What is g(-1)?
-11
Let s(h) = -h**2 + 3*h + 7. Determine s(6).
-11
Let g(a) = 14*a + 73. Give g(-7).
-25
Let r(d) = d**3 - 16*d**2 + 15*d + 12. Give r(15).
12
Let q(i) = -i**2 + 11*i + 31. Calculate q(10).
41
Let a(w) = -24*w - 174. Give a(-7).
-6
Let z(a) = -a - 10. What is z(-12)?
2
Let l(h) = -h**3 + 4*h**2 + 3*h + 3. Give l(5).
-7
Let t(b) = -86*b + 423. Determine t(5).
-7
Let x(n) = -7*n + 20. Give x(11).
-57
Let l(f) = -f - 19. Give l(0).
-19
Let z(f) = 33*f**3 - 2*f**2 + 1. Give z(1).
32
Let c(m) = -5*m - 57. Determine c(6).
-87
Let w(f) = f**2 - 8*f + 16. What is w(12)?
64
Let r(m) = m + 1. Determine r(5).
6
Let y(n) = 2*n**2 - 3*n - 3. Give y(3).
6
Let o(m) = m**3 - 4*m**2 + 3*m - 11. Give o(4).
1
Let i(n) = -n**3 + 4*n**2 + 5*n + 1. What is i(5)?
1
Let f(z) = z + 51. Determine f(-16).
35
Let n(r) = -r**2 + 15*r + 6. Calculate n(16).
-10
Let b(n) = 12*n**3 - n**2 - 6*n + 4. Calculate b(2).
84
Let g(r) = -6*r - 53. What is g(-10)?
7
Let f(c) = -9*c + 6. What is f(-4)?
42
Let k(q) = q - 20. What is k(24)?
4
Let g(j) = j**2 + 8*j + 22. Determine g(-4).
6
Let h(y) = y**2 + 4*y - 12. Calculate h(-9).
33
Let n(p) = p**2 - 12*p - 5. Determine n(13).
8
Let x(u) = u**3 + 2*u**2 - 19*u - 18. Determine x(-5).
2
Let g(r) = r**3 - 6*r**2 - r + 4. What is g(3)?
-26
Let p(j) = -j**3 + j + 7. Give p(0).
7
Let g(k) = -8*k + 35. Calculate g(5).
-5
Let f(s) = s**2 - 10*s + 16. Calculate f(7).
-5
Let t(z) = -z**2 - 15*z + 34. Determine t(-12).
70
Let c(n) = n**3 - 7*n**2 - 7*n + 32. Calculate c(6).
-46
Let a(n) = n**3 + 10*n**2 + n + 6. What is a(-10)?
-4
Let p(s) = 3*s**3 + 4*s**2 - 2*s - 1. Calculate p(1).
4
Let b(r) = r**3 - r**2 - 22. What is b(3)?
-4
Let l(y) = y**3 + 5*y**2 - 5. What is l(-4)?
11
Let r(f) = f**3 + 26*f**2 - 27*f - 2. Calculate r(-27).
-2
Let o(n) = n**3 + 7*n**2 - 6*n + 14. Determine o(-8).
-2
Let b(v) = v**2 - 9*v + 11. Calculate b(7).
-3
Let r(i) = -i**3 + 26*i**2 - 25*i + 31. Give r(25).
31
Let t(j) = j**2 + 14*j - 1. Calculate t(-5).
-46
Let v(o) = 2*o**2 + 2*o - 9. Determine v(-3).
3
Let k(t) = -t**2 - 26*t + 9. Determine k(-27).
-18
Let f(m) = 4*m - 9. Determine f(-16).
-73
Let c(u) = u**2 + 2*u + 45. Give c(0).
45
Let m(p) = -p**3 + p**2 - 2*p + 1. Give m(0).
1
Let u(z) = z + 58. Determine u(-6).
52
Let v(g) = g**3 + 2*g**2 + g + 27. Determine v(-4).
-9
Let y(d) = -25*d**3 - 2*d + 2. Determine y(1).
-25
Let d(k) = -41*k. What is d(1)?
-41
Let u(c) = c**3 - 21*c**2 - c + 14. Determine u(21).
-7
Let z(k) = -k**2 - 38*k - 366. Determine z(-19).
-5
Let g(w) = -w**3 + 10*w**2 + 25*w - 13. Calculate g(12).
-1
Let s(b) = -3*b**2 + 3. Calculate s(4).
-45
Let i(v) = -v**2 + 13*v + 5. Give i(13).
5
Let a(y) = 90*y + 613. Give a(-7).
-17
Let y(w) = w**3 + 5*w**2 - 2*w - 9. What is y(-5)?
1
Let l(s) = -10*s + 4. What is l(-2)?
24
Let d(v) = -145*v - 724. Calculate d(-5).
1
Let a(v) = -3*v - 37. What is a(12)?
-73
Let k(f) = f**2 + 58*f + 451. Give k(-49).
10
Let t(f) = -4*f + 5. What is t(5)?
-15
Let w(g) = -2*g**2 - 50*g - 136. What is w(-22)?
-4
Let a(z) = -z - 9. Determine a(-14).
5
Let b(r) = -43*r - 8. Calculate b(-1).
35
Let p(i) = i - 9. Determine p(-8).
-17
Let a(h) = -h**3 + 9*h**2 - 10*h - 3. Calculate a(8).
-19
Let q(t) = -t**2 + t + 32. Give q(0).
32
Let s(q) = 2*q - 2. Calculate s(-5).
-12
Let t(b) = 9*b + 30. Determine t(-5).
-15
Let a(u) = -2*u - 2. Determine a(-1).
0
Let r(z) = -z**3 + 13*z**2 - 18*z + 31. Calculate r(11).
75
Let r(v) = -2*v**2 - 2*v + 4. Determine r(3).
-20
Let k(s) = s + 19. What is k(-16)?
3
Let j(k) = k**3 - 7*k**2 - k + 5. Calculate j(7).
-2
Let i(w) = -w**3 + 6*w**2 + w + 10. What is i(7)?
-32
Let u(w) = 5*w**3 + 5*w + 1. Determine u(-2).
-49
Let f(g) = g**2 - 7*g + 3. Give f(7).
3
Let u(v) = -3*v + 14. Calculate u(3).
5
Let w(l) = l**3 + 21*l**2 + 33*l - 110. Determine w(-19).
-15
Let l(j) = -89*j + 187. Determine l(2).
9
Let h(l) = -l**2 + 2*l + 29. Determine h(0).
29
Let w(c) = 2*c**2 - 9*c - 18. Give w(-4).
50
Let r(h) = -h**2 - 6*h + 12. Give r(-7).
5
Let m(i) = -i**3 + 9*i**2 + i - 5. Determine m(9).
4
Let o(w) = -53*w + 205. Give o(4).
-7
Let i(k) = -17*k**3 - 34*k**2 - 4*k - 3. Determine i(-2).
5
Let r(y) = -y**3 - 4*y**2 + 6*y - 5. Give r(-5).
-10
Let l(j) = -23*j. Determine l(4).
-92
Let s(d) = d**3 + d**2 - 4*d - 1. What is s(-3)?
-7
Let z(f) = 3*f**2 + 23*f - 51. Determine z(2).
7
Let z(r) = r**2 + 6*r - 1. What is z(-6)?
-1
Let w(i) = -i**2 - 28*i - 187. Determine w(-17).
0
Let x(t) = -t + 19. Give x(-14).
33
Let v(p) = p**2 + 15*p - 79. What is v(-19)?
-3
Let k(w) = w**2 - 22*w + 78. Calculate k(15).
-27
Let b(m) = -2*m**2 + 34*m + 8. Give b(17).
8
Let a(k) = 2*k**2 + 54*k + 148. What is a(-24)?
4
Let q(s) = s**3 - 2*s**2 + s - 19. What is q(0)?
-19
Let n(v) = 2*v**3 + 25*v**2 - 9*v + 27. What is n(-13)?
-25
Let h(u) = 2*u - 11. Give h(-15).
-41
Let z(i) = -i**3 + 9*i**2 - 9*i - 41. Calculate z(7).
-6
Let z(n) = 3*n**3 - 22*n**2 + 13*n - 33. Determine z(7).
9
Let n(a) = a**3 - 6*a**2 + 6*a - 11. Determine n(5).
-6
Let v(a) = a**2 + 15*a - 403. Calculate v(14).
3
Let f(k) = k**3 + k**2 + k + 2. Determine f(-2).
-4
Let s(u) = -7*u + 1. What is s(7)?
-48
Let p(l) = l**3 - 16*l**2 + 41*l - 27. Give p(13).
-1
Let c(z) = 5*z - 5. Calculate c(1).
0
Let r(w) = w - 81. Give r(28).
-53
Let i(t) = -t**2 + 16*t + 61. Give i(19).
4
Let g(v) = v + 11. Determine g(-3).
8
Let p(z) = z**3 - 3*z**2 - 19*z + 11. Determine p(6).
5
Let d(a) = -76*a + 131. Calculate d(2).
-21
Let k(t) = -12*t + 109. Give k(9).
1
Let c(o) = o**2 + 9*o - 10. Calculate c(-9).
-10
Let p(b) = b**3 + 15*b**2 + 17*b + 29. Determine p(-14).
-13
Let j(a) = 16*a + 10. Give j(1).
26
Let n(x) = x**3 - 10*x**2 - 21*x - 39. Give n(12).
-3
Let a(g) = -g - 2